 41, 4*v - 232 = 5*f. What is the tens digit of v?
5
Suppose -2*l + o = 2*o - 9, 0 = l + 2*o - 12. Suppose -l = -4*r - 5*w, 5*r = -5*w - 3 + 8. Suppose -i - r = -35. What is the tens digit of i?
3
Suppose 0 = -38*t - 60487 + 201847. What is the units digit of t?
0
Suppose 3*j + 4 = 25. Let h(c) = -8*c + c**2 - j - 1 + 0*c + 0*c. What is the units digit of h(9)?
1
Suppose 5*d - 4*k + 4424 - 13762 = 0, 5613 = 3*d + k. What is the tens digit of d?
7
Let s(x) = -733*x - 335. What is the hundreds digit of s(-6)?
0
Let b be ((-32)/(-20))/(-2)*5. Let j = 1 + b. Let y(z) = -9*z + 4. What is the units digit of y(j)?
1
Let n be (-520)/(-72) + 2/(-9). Suppose 3*s = -2 - 1. Let b = s + n. What is the units digit of b?
6
Let s = -22 + -31. Let z = 26 + s. What is the units digit of z/(-12)*-1*-4?
9
Let h = -49 - -45. What is the tens digit of (-29715)/(-273) + h/(-26)?
0
What is the units digit of 2/(-6) - 5972/(-6)?
5
Let n(w) be the first derivative of w**3/3 - 3*w**2/2 + w + 2. Let c = 308 - 301. What is the tens digit of n(c)?
2
Suppose -5*b = -0 + 10. Suppose -7*g + 12*g = -135. What is the units digit of g/9 - 60/b?
7
Let j(p) = -181*p + 1073. What is the units digit of j(-25)?
8
Let h = -4 + 9. Suppose -b + h*s = 0, -4*b + 2*b = -2*s - 32. Let w = b - 10. What is the units digit of w?
0
Suppose 31 = 2*t - 3*h, -46 = -3*t - h + 28. Let q = -21 + t. Suppose 7*j - q*j - 295 = 0. What is the tens digit of j?
5
Let l(v) = v**2 - 4*v - 1. Let f be l(3). Let d = -142 + 122. What is the tens digit of (f/(-5))/(d/(-850))?
3
Suppose 0*g - 486 = 5*g + 2*x, 4*x = 8. What is the units digit of (-3 + (-25)/(-10))*g?
9
What is the hundreds digit of (-8129)/(-3) - (-28)/21?
7
Let q(t) = 8*t. Suppose -y + 6*y = 15. Suppose 5*j - 14 - 11 = 4*c, -y*c = -j + 5. What is the units digit of q(j)?
0
Suppose 0 = -3*b - b - 16. Let z be ((-12)/(-9))/(b/(-294)). Suppose -4*x + 270 = z. What is the tens digit of x?
4
Suppose -24*j + 10122 = -4590. What is the hundreds digit of j?
6
Suppose -15 = -3*q, 0*q - 40 = -3*d - 5*q. Suppose -z - 27 = d*l, z - 8 = -3*l + 5*l. What is the units digit of 7*(-2 - (-5 - z))?
7
Let q(c) = 3*c - 1 + 5*c - 3 + c**2. Let k = -154 - -145. What is the units digit of q(k)?
5
Suppose 8*y = -15 + 207. Suppose 3*n - y = -n. What is the units digit of n?
6
What is the thousands digit of 4/(-5) - 1101482/(-515)?
2
Let i(u) = u**2 + u - 2. Let l(b) = b - 7. Let n be l(7). Let o be i(n). What is the units digit of 39/(-9)*(-1 + o)?
3
Let t(i) = i**2 + 4*i + 2. Let m be t(-4). Suppose 10 - m = 2*g. Suppose -g + 1 = -k. What is the units digit of k?
3
Suppose 13*k - 8*k = 60. Let a be (-3)/12 - (-51)/k. Suppose -a*l = -47 - 141. What is the tens digit of l?
4
Suppose 186 = 6*f - 6. Suppose -2*g + f = -14. What is the units digit of g?
3
Let k(x) = -5*x**3 - 1. Let g(w) = w**3 + 6*w**2 - w - 7. Let a be g(-6). Let p be k(a). Suppose p*z - 2 = 46. What is the units digit of z?
2
Let x = 19 - 31. Let z be x/(-9) - 4/(-6). Suppose 15 = 2*v + 5*g, -z*g + 3*g = v - 25. What is the tens digit of v?
2
Suppose -3*w = -13 + 4. Let o(j) = -5*j + 3. Let p be o(w). What is the units digit of (-1)/(-6) - 106/p?
9
Let z = 10 + 49. Suppose 5*o + z - 419 = 0. Suppose 3*b - 111 = -3*v, -v - o = -4*b + 81. What is the tens digit of b?
3
Let t be ((-1)/(-2)*72/(-3))/(-2). Let n be 31/11 - (-6)/33. Let a = t - n. What is the units digit of a?
3
Suppose 2*s - 5*d - 501 - 1067 = 0, -2*d + 766 = s. What is the tens digit of s?
7
Suppose 0 = -4*s - 7630 - 5150. Let d(g) = -2*g. Let p be d(-2). What is the tens digit of p/10 - s/75?
4
Suppose -4*g + 21 = -27. Let f be (-26)/(-3)*g/8. Suppose 2*t + i = -3*i + 42, -3*t + f = -4*i. What is the units digit of t?
1
Let u(m) = m + 9. Let q be u(-8). Let s(d) = 107*d**3 - d**2 + 5*d - 3. What is the tens digit of s(q)?
0
Suppose -3*r - 77 = -20. Let w = -19 - r. What is the tens digit of (-5)/(-10)*(44 + w)?
2
Suppose -2*w = 239 + 187. Let l = w + 303. What is the tens digit of l?
9
Let d be (9/(-5))/((-2)/10). Let t be (3/d)/(4/96). What is the units digit of (-5)/20 - (-58)/t?
7
Suppose 48 + 46 = 2*t. Let g = 58 - t. What is the tens digit of g?
1
Let c(m) = 2 - 2*m + 6 - 6. Let z be c(-5). What is the units digit of (-3)/z + 18/8?
2
Let p(f) = 122*f + 348. What is the units digit of p(7)?
2
Let s(o) = 202*o**2 + 2. What is the tens digit of s(2)?
1
Suppose -4*z + 0*z = 0. Suppose 38 = 268*i - 267*i. Suppose z = -t - t + i. What is the tens digit of t?
1
Let s(r) = -r**3 + 19*r**2 + 46*r - 65. What is the thousands digit of s(18)?
1
Let c(n) = -17*n**3 + 18*n**2 + 63*n - 3. What is the tens digit of c(-4)?
2
Let p(t) = 32*t + 16. Let d(y) = -y**3 - 18*y**2 - y - 15. Let g be d(-18). What is the hundreds digit of p(g)?
1
Suppose 3*s - 1 = -3*r + 2, -2*s = 4*r - 2. Suppose 2*z - 2*p - 233 = 3*p, r = 4*p + 20. What is the hundreds digit of z?
1
Suppose -3*f - f - 2*q - 28 = 0, 2*q = 3*f + 14. Let k(j) = 5*j**3 - 3*j**2 + 2*j + 2. Let l be k(2). What is the units digit of (-14)/(-42) - l/f?
6
Let z(b) = b**2 + 16*b + 57. Let c be z(-6). Suppose r = -r + 48. Let i = r + c. What is the tens digit of i?
2
What is the units digit of ((-162)/(-45))/6 - 4102/(-5)?
1
Let b(o) = -364*o - 67. What is the units digit of b(-5)?
3
Let y(g) = -5*g**3 + 10*g**2 + 21*g + 21. What is the tens digit of y(-7)?
7
Let i(o) = o**3 + 9*o**2 - 46*o + 20. What is the tens digit of i(11)?
3
Let v be (375/(-9))/((-1)/6). Suppose f = -4*f + v. What is the units digit of 5*(-5)/(f/(-68))?
4
Let p = -22 - -31. Let z be 1/((p/(-6))/(-3)). Suppose -5*j - g = -z*g - 69, -4 = -4*g. What is the tens digit of j?
1
Let p(v) = v**3 - 2*v**2 - v - 292. What is the units digit of p(15)?
8
Suppose 2*b - 18 = -b. Suppose s = 5*w - b, 0*s = -3*w - s + 2. What is the tens digit of 22*w + (-3)/(-3)?
2
Let l(u) = 9*u**3 - 2*u**2 + 1. Let j be l(1). Suppose 3*c = j*c - 10. Suppose -2*i = c*i - 12. What is the units digit of i?
3
Let n(m) = -234*m - 325. What is the units digit of n(-9)?
1
Suppose 2*w + 1296 = 3*x, -1496 = -2*x - w - 625. What is the tens digit of x?
3
What is the units digit of 149/(-447) - (-3)/((-18)/(-8))?
1
Let v(u) be the second derivative of -u**3/6 - 9*u**2/2 - 5*u. Let r be v(5). Let n = 12 - r. What is the tens digit of n?
2
Suppose 0 = 4*o - 5*p - 24, 5*p - 75 = -3*o - 2*o. Let h be (-64)/o + 10/(-55). What is the units digit of (1 - 2)*(-1 + h)?
7
Suppose 0 = -s + 29 + 220. Suppose -4*o + s = -187. What is the hundreds digit of o?
1
Let y(m) = -m**3 - 5*m**2 - m + 4. Let g = -3 + -2. Let f be y(g). Suppose -2*j + 2*t = -54, 35 = 2*j + 5*t + f. What is the tens digit of j?
2
Let g(z) = 7*z**2 + z - 5. Let m be g(3). Let b = m + -17. What is the tens digit of b?
4
What is the thousands digit of 1599 - -4*2*5/(-20)?
1
Let t = 8 - 31. Let u = 27 + t. What is the units digit of u?
4
Let x = 3 - -79. Let s = x - 2. What is the tens digit of s?
8
Let w(q) = -3*q**3 - 15*q**2 - 17*q + 9. Let b(y) = 2*y**3 + 14*y**2 + 17*y - 8. Let d(v) = 4*b(v) + 3*w(v). What is the tens digit of d(12)?
5
Let r = -9 + 4. What is the units digit of -171*(r/3 + 1)?
4
Let x(i) = -i + 8. Let z be x(5). Suppose -45 = z*y + 66. Let g = y - -55. What is the tens digit of g?
1
Suppose 0 = -3*k - 6, -2*r + k = -738 - 1644. What is the thousands digit of r?
1
Let m = 46 - 52. What is the units digit of m*3/(-6)*27?
1
Let d(s) = 3*s**3 - s**2 - s - 1. Let v be d(-2). Let o be 15/(-9) + (-156)/9. Let f = o - v. What is the units digit of f?
8
Suppose 3*c - 11*c + 64 = 0. Suppose z - 36 = c. What is the tens digit of z?
4
Let w(j) = -3. Let x(y) = -y - 16. Let i(p) = -6*w(p) - 3*x(p). What is the units digit of i(0)?
6
Let v(u) = 5*u**2 - 4*u - 3. Let j(h) = -h - 5. Let r(m) = -1. Let x(y) = j(y) - 4*r(y). Let g(w) = v(w) - 3*x(w). What is the units digit of g(1)?
4
Let r(t) = -2*t**2 - 27*t - 4. Let i(a) = -a**2 - 14*a - 2. Let b(f) = -7*i(f) + 4*r(f). Let n be (-14)/77 - (-192)/(-33). What is the units digit of b(n)?
2
Let l(a) be the first derivative of a**3/3 - a**2 - 4*a + 12. What is the tens digit of l(9)?
5
Suppose 6*h + 5*q = h + 55, -4*h = -3*q - 9. Let o be ((-2)/3)/((-1)/6). What is the units digit of (h/(-9))/(o/(-66))?
1
Let w be (4/(-8))/((-1)/10). Suppose 4*j + 5*b = 2 + 2, 